 62656?
6
What is the thousands digit of 777557?
7
What is the millions digit of 27468998?
7
What is the ten thousands digit of 3241256?
4
What is the hundred thousands digit of 6674909?
6
What is the hundreds digit of 187339?
3
What is the units digit of 205057?
7
What is the hundreds digit of 7980009?
0
What is the tens digit of 22590122?
2
What is the ten thousands digit of 24197713?
9
What is the units digit of 13247799?
9
What is the ten thousands digit of 112901?
1
What is the units digit of 221989?
9
What is the units digit of 328879?
9
What is the units digit of 603269?
9
What is the tens digit of 5382813?
1
What is the hundreds digit of 86779?
7
What is the units digit of 14872326?
6
What is the tens digit of 134858?
5
What is the tens digit of 730151?
5
What is the thousands digit of 509609?
9
What is the thousands digit of 12889548?
9
What is the hundred thousands digit of 10133276?
1
What is the tens digit of 2868818?
1
What is the hundreds digit of 902011?
0
What is the thousands digit of 349031?
9
What is the hundred thousands digit of 112351?
1
What is the tens digit of 176953?
5
What is the tens digit of 944897?
9
What is the thousands digit of 84677?
4
What is the thousands digit of 128409?
8
What is the hundred thousands digit of 353020?
3
What is the hundred thousands digit of 5793549?
7
What is the ten thousands digit of 1950058?
5
What is the thousands digit of 536053?
6
What is the tens digit of 3497836?
3
What is the hundred thousands digit of 266685?
2
What is the hundreds digit of 383189?
1
What is the millions digit of 4618541?
4
What is the hundred thousands digit of 906144?
9
What is the units digit of 39129?
9
What is the millions digit of 17564575?
7
What is the thousands digit of 3589169?
9
What is the thousands digit of 89385?
9
What is the ten thousands digit of 5264565?
6
What is the millions digit of 10858643?
0
What is the millions digit of 7658477?
7
What is the hundred thousands digit of 29305226?
3
What is the hundreds digit of 1440561?
5
What is the hundred thousands digit of 752625?
7
What is the hundreds digit of 70730?
7
What is the ten thousands digit of 4894892?
9
What is the tens digit of 8269644?
4
What is the hundred thousands digit of 199677?
1
What is the tens digit of 830884?
8
What is the hundred thousands digit of 126913?
1
What is the hundred thousands digit of 273476?
2
What is the thousands digit of 687413?
7
What is the units digit of 247784?
4
What is the units digit of 870848?
8
What is the ten thousands digit of 1011302?
1
What is the hundreds digit of 121640?
6
What is the hundreds digit of 5589134?
1
What is the hundred thousands digit of 188640?
1
What is the hundreds digit of 238630?
6
What is the ten thousands digit of 258240?
5
What is the thousands digit of 17196?
7
What is the thousands digit of 3695191?
5
What is the ten millions digit of 18219368?
1
What is the millions digit of 15856751?
5
What is the millions digit of 2049358?
2
What is the ten thousands digit of 3268510?
6
What is the units digit of 184629?
9
What is the units digit of 25319332?
2
What is the thousands digit of 945326?
5
What is the hundreds digit of 2085526?
5
What is the units digit of 3023268?
8
What is the hundreds digit of 284460?
4
What is the hundreds digit of 483554?
5
What is the thousands digit of 2099677?
9
What is the hundreds digit of 126187?
1
What is the tens digit of 16512343?
4
What is the tens digit of 3965048?
4
What is the thousands digit of 356340?
6
What is the tens digit of 1070784?
8
What is the hundreds digit of 381259?
2
What is the ten thousands digit of 59443?
5
What is the tens digit of 909141?
4
What is the tens digit of 3618700?
0
What is the thousands digit of 7952944?
2
What is the ten millions digit of 25083090?
2
What is the hundreds digit of 2144647?
6
What is the ten thousands digit of 930404?
3
What is the hundreds digit of 833074?
0
What is the millions digit of 1847101?
1
What is the units digit of 2849743?
3
What is the hundred thousands digit of 829719?
8
What is the tens digit of 403229?
2
What is the hundred thousands digit of 1137292?
1
What is the ten thousands digit of 106353?
0
What is the hundreds digit of 448663?
6
What is the ten thousands digit of 226207?
2
What is the ten thousands digit of 4384553?
8
What is the hundred thousands digit of 100240?
1
What is the hundreds digit of 330862?
8
What is the ten thousands digit of 5852338?
5
What is the hundreds digit of 12880622?
6
What is the tens digit of 86312?
1
What is the tens digit of 67097?
9
What is the hundred thousands digit of 2706351?
7
What is the units digit of 379163?
3
What is the tens digit of 2887187?
8
What is the thousands digit of 19409082?
9
What is the ten thousands digit of 8462240?
6
What is the thousands digit of 1516992?
6
What is the tens digit of 1146016?
1
What is the hundred thousands digit of 16326831?
3
What is the thousands digit of 2463620?
3
What is the units digit of 2566085?
5
What is the units digit of 7325444?
4
What is the units digit of 2379398?
8
What is the hundred thousands digit of 4938578?
9
What is the hundreds digit of 1480967?
9
What is the tens digit of 4349840?
4
What is the millions digit of 2888856?
2
What is the tens digit of 466439?
3
What is the tens digit of 66428?
2
What is the tens digit of 15678436?
3
What is the tens digit of 100531?
3
What is the thousands digit of 60531?
0
What is the ten thousands digit of 827147?
2
What is the hundred thousands digit of 16191750?
1
What is the units digit of 52805?
5
What is the units digit of 1975355?
5
What is the ten thousands digit of 1360592?
6
What is the hundreds digit of 148537?
5
What is the ten thousands digit of 29308510?
0
What is the hundred thousands digit of 382844?
3
What is the ten thousands digit of 4000259?
0
What is the thousands digit of 346103?
6
What is the millions digit of 3216425?
3
What is the hundreds digit of 126845?
8
What is the hundred thousands digit of 1308838?
3
What is the tens digit of 290218?
1
What is the hundreds digit of 1907830?
8
What is the hundreds digit of 206126?
1
What is the hundreds digit of 173152?
1
What is the hundred thousands digit of 5686823?
6
What is the hundreds digit of 1812866?
8
What is the hundreds digit of 17880141?
1
What is the thousands digit of 91721?
1
What is the hundred thousands digit of 4064251?
0
What is the tens digit of 544743?
4
What is the ten thousands digit of 39590?
3
What is the millions digit of 1157392?
1
What is the thousands digit of 23991412?
1
What is the units digit of 186145?
5
What is the units digit of 6322?
2
What is the units digit of 394039?
9
What is the hundreds digit of 10294174?
1
What is the tens digit of 15459?
5
What is the units digit of 21859?
9
What is the tens digit of 2033082?
8
What is the units digit of 437176?
6
What is the hundred thousands digit of 380888?
3
What is the thousands digit of 33360?
3
What is the hundreds digit of 548731?
7
What is the thousands digit of 712263?
2
What is the ten thousands digit of 28408?
2
What is the thousands digit of 189350?
9
What is the tens digit of 320154?
5
What is the ten thousands digit of 7127913?
2
What is the units digit of 1136693?
3
What is the millions digit of 17001855?
7
What is the units digit of 9719202?
2
What is the ten thousands digit of 47917?
4
What is the tens digit of 918442?
4
What is the hundred thousands digit of 390312?
3
What is the ten thousands digit of 287080?
8
What is the ten thousands digit of 14195648?
9
What is the millions digit of 9248251?
9
What is the thousands digit of 75083?
5
What is the tens digit of 258494?
9
What is the thousands digit of 510435?
0
What is the hundreds digit of 19560?
5
What is the ten thousands digit of 200928?
0
What is the hundred thousands digit of 2603281?
6
What is the units digit of 14281828?
8
What is the tens digit of 763632?
3
What is the hundred thousands digit of 38319649?
3
What is the hundreds digit of 2180296?
2
What is the tens digit of 1570185?
8
What is the units digit of 7728?
8
What is the ten thousands digit of 3970405?
7
What is the units digit of 753568?
8
What is the ten thousands digit of 7883812?
8
What is the ten thousands digit of 5118169?
1
What is the ten thousands digit